 q(b) = b**2 - b + 880. List the prime factors of q(-83).
2, 13, 151
Suppose -4*a + 5*m = -11723, 71*a - 70*a - 2936 = -4*m. What are the prime factors of a?
2, 733
Let x = -12272 - -22661. List the prime factors of x.
3, 3463
Suppose -8*n - i = -639943, -5*n - 71*i + 75*i + 399932 = 0. What are the prime factors of n?
2, 3, 11, 101
Let f(s) = -625*s + 7860. What are the prime factors of f(-17)?
5, 3697
What are the prime factors of (-5 - ((-137402)/8 - 1/(-4))) + 7?
89, 193
Suppose -8*v + 23 - 271 = 0. Let f(j) = -9*j - 147. What are the prime factors of f(v)?
2, 3, 11
Let y = 94 - 102. What are the prime factors of (-8)/(-3)*(-438)/y?
2, 73
Suppose -5*y - 24 = -2*d + 25, -41 = 5*y + 2*d. What are the prime factors of 2 + 73 - 27/y?
2, 3, 13
List the prime factors of 17550196/1012 + 2/(-22).
2, 13, 23, 29
List the prime factors of (-9283)/((180/(-8))/45).
2, 9283
Let k = 6798 + 6870. List the prime factors of k.
2, 3, 17, 67
Suppose 3*f - 7*x - 59224 = -7741, -f - x + 17181 = 0. What are the prime factors of f?
3, 5, 229
Suppose -3*h = -5*n - 10, h = 3*h + 3*n - 13. Let w = 113 - h. Suppose 0*s = a + 3*s - 102, -3*s - w = -a. What are the prime factors of a?
3, 5, 7
Let j = -10036 - -19137. What are the prime factors of j?
19, 479
List the prime factors of (-15669612)/(-546) - (-5)/65.
11, 2609
Let f = -18 + 47. Let v = -9 - f. Let u = 8 - v. What are the prime factors of u?
2, 23
Suppose -63*y - 15*y = -35*y - 401792. List the prime factors of y.
2, 73
Suppose -2327 = -58*p - 239. Suppose -p*u + 5032 = -7460. List the prime factors of u.
347
Suppose -4035820 = 317*u - 12141872 - 18377079. List the prime factors of u.
19, 4397
Suppose -3*c = -i + 29791, 2*i - 201*c - 59586 = -199*c. What are the prime factors of i?
2, 14897
Let u = 1816 + 55. List the prime factors of u.
1871
Suppose -3*o - o = 2*o. Suppose -59*q + 60*q - 2 = o. What are the prime factors of (-303 - -3)/(((-3)/q)/1)?
2, 5
Suppose -23*u - 22*u = -603900. What are the prime factors of u?
2, 5, 11, 61
Suppose -4*c = 86*c - 160244 - 754336. List the prime factors of c.
2, 5081
Let s(m) = 1534*m + 2523. What are the prime factors of s(15)?
3, 2837
Let j be (8/20*3)/(2/5). Suppose -16 = -j*b - b. Suppose -p = -b*p + 231. What are the prime factors of p?
7, 11
Suppose 7076 = 4*a - 2*b, -3*b = 353 - 347. What are the prime factors of a?
2, 13, 17
Let a(r) = -15*r - 7. Let h(n) = 16*n + 6. Let j(o) = -4*a(o) - 5*h(o). Let c be j(-3). Let i = -50 + c. What are the prime factors of i?
2
Let v(f) = 4*f**3 - 152*f**2 + 64*f + 14. What are the prime factors of v(42)?
2, 7, 47
Let u be (8/(-16))/((-6)/36). Suppose 4*o - u*j - 1606 = 2*o, 0 = -o - 2*j + 810. List the prime factors of o.
2, 13, 31
Let k(l) = -l**2 + 4*l + 2. Let p be k(3). Suppose -101 + 469 = 2*n + 4*d, 4*n - p*d = 723. List the prime factors of n.
2, 7, 13
Let j(f) = f**3 - 6*f - 8*f**2 + 6*f - 3*f + 3. Let q be j(8). What are the prime factors of (q/12)/((-1)/28)?
7
Let k(u) = -14*u**2 - 50*u + 205. Let y be k(6). Let f be (428/10)/((-2)/40). Let l = y - f. List the prime factors of l.
257
Let g(k) = -534*k**2 + 8 + 3*k**3 + 1069*k**2 - 534*k**2 + 7*k. What are the prime factors of g(5)?
443
Let n = -224 - -230. What are the prime factors of (-17)/(68/(-1008)) - n?
2, 3, 41
Suppose 0 = -4*g + 2*t - 7632 + 28196, -25705 = -5*g + 2*t. List the prime factors of g.
53, 97
Let c(h) be the second derivative of -15*h**3/2 - 3*h**2 + 3*h + 1. What are the prime factors of c(-9)?
3, 7, 19
Let k(a) = a**3 - 3*a**2 + a - 6. Let l(s) = s**3 + 4*s**2 - 5*s + 4. Let g = 1 + -6. Let d be l(g). What are the prime factors of k(d)?
2, 7
Let i = -160 - -165. Suppose i*t + 968 = 2*h, 4*h + 8*t - 1908 = 11*t. What are the prime factors of h?
2, 3, 79
Let o(l) = -616*l + 952. List the prime factors of o(0).
2, 7, 17
Let n(w) be the third derivative of w**6/60 + w**5/30 - w**4/8 - 3*w**3 + 4*w**2 - 5*w. List the prime factors of n(5).
3, 89
Let w be 9/4*(-33360)/(-90). Suppose b - 502 = -i, 3*i + 4*b = 669 + w. What are the prime factors of i?
5, 101
Let j(x) = -15*x**3 + 5*x**2 - 8*x - 6. Let g be j(-5). Suppose -4*a + g = -798. What are the prime factors of a?
2, 3, 59
Let n(z) = -z**3 - 7*z**2 - z - 2. Let a be n(-7). Suppose -v + 495 = -x, x = a*v - 2*v - 1479. What are the prime factors of v?
2, 3, 41
Let r be (-2 + 2)*1 - -2. Suppose -3*l + 1785 = 3*t + 2*t, l + t = 597. Suppose -4*q + r*o + 2*o = -l, -450 = -3*q + 2*o. What are the prime factors of q?
2, 3, 5
Let o(x) be the third derivative of x**6/30 + x**5/60 - x**4/12 - x**3/3 + 37*x**2. Let w be o(-1). What are the prime factors of -162*(4 + -2 + w)?
2, 3
Suppose -3*o + 10509 = 301 - 2557. What are the prime factors of o?
5, 23, 37
Let i = 51191 - 34635. What are the prime factors of i?
2, 4139
Suppose 5*o = 0, 10530 = -4*z - z - o. Let r = -1153 - z. List the prime factors of r.
953
Suppose -3*m + 242 = 239. What are the prime factors of (2/m - (-1542 - -4)) + 2?
2, 3, 257
Let r be -3 + 115/25 - 2/(-5). What are the prime factors of 222/r*(-110)/(-66)?
5, 37
Let x(i) = -11*i**2 + 62*i - 20. Let q be x(8). Let u = q + 316. What are the prime factors of u?
2, 11
Let w(r) = -r**3 + 15*r**2 - 15*r + 21. Let n be w(14). Suppose n*k - 3192 = 3*k. List the prime factors of (6/(-12))/(k/(-796) + 1).
199
Suppose 4*i + 28 = 0, -634 = -g + 3*i + 1915. What are the prime factors of g?
2, 79
Let g(x) = x**2 + 7*x - 35. Let a be g(-29). Let z = -306 + a. List the prime factors of z.
3, 11
Let i(v) = 44*v - 13. Let j(c) = -43*c + 14. Let a(t) = 4*i(t) + 3*j(t). Let q be a(-5). Let z = -83 - q. What are the prime factors of z?
2, 3
Let x be 1/3 + (-17743)/(-33). Suppose y - 517 = -y + 5*d, 0 = -y - 2*d + 272. Let n = x - y. What are the prime factors of n?
2, 17
Let f = 286 + 270. What are the prime factors of f?
2, 139
Let p be 2/((-458)/154 + 3). Suppose 10*m + p - 1017 = 0. List the prime factors of m.
2, 47
Let c(w) = w**3 - 10*w**2 - 69*w + 38. Let i be c(14). Let r be (-1986)/(-8) + 2/(-8). Let m = i + r. What are the prime factors of m?
2, 13
Let z(b) = b**3 - 21*b**2 - 92*b + 37. Suppose 187 - 681 = -19*x. List the prime factors of z(x).
5, 41
Suppose -3*i + 4*l = 114, 4*i + 104 = 3*l - 55. Let x = i - -73. Let o = 47 - x. List the prime factors of o.
2
Let l be (-3)/(-6)*(-7 - 1867). Let f = 1449 + l. List the prime factors of f.
2
Suppose -d - 21 = 5*t, 0 = -d + 4*t + 9 + 15. Suppose -d*a + p + 3508 = 1011, 2*p - 622 = -a. Suppose 30*f - a = 26*f. List the prime factors of f.
2, 3, 13
Let q(n) be the second derivative of -n**3/3 + 289*n**2/2 + 54*n. List the prime factors of q(-6).
7, 43
Suppose o = -4*u + 19718, -109*u + 106*u - 12 = 0. List the prime factors of o.
2, 3, 11, 13, 23
Let s(f) = -f**3 + 30*f**2 + 8*f + 25. Let t = 616 + -587. What are the prime factors of s(t)?
2, 3, 61
Let f = -7832 + 11030. What are the prime factors of f?
2, 3, 13, 41
Suppose -9 = -4*h - m, 4*h + 0*m = -3*m + 3. List the prime factors of 6953/51 - 1/h.
2, 17
Suppose -r + 6 = -17. Suppose -4*g - 3 = -r. Suppose 0 = -b - 2*j + 121, -2*j + 4*j = -g*b + 605. List the prime factors of b.
11
Let l(v) = -4*v - 8. Let b be l(-2). Let q be 18 - b - (7 + -4). What are the prime factors of ((-9)/(-15))/(-3) + 333/q?
2, 11
Let d be 4/((-208)/(-356)) + 8/52. Suppose 5*z - 25 = -3*n, 5*z - d*n - 65 = -2*n. Let p(h) = 3*h**2 - 5*h + 3. What are the prime factors of p(z)?
5, 31
Let b be ((8/(-6))/(-4))/(16/16944). Suppose 2*u = 3*w - 510, 0*w + 2*w + 3*u - b = 0. Let m = 402 - w. What are the prime factors of m?
2, 5, 23
Let c(v) = -11*v - 24. Let s be c(-2). What are the prime factors of (10/(-15) + s)*-36?
2, 3
Let c(b) = -b**3 + 2*b**2 + 10*b + 13. Let t(v) = -v**3 + 3*v**2 + 9*v + 13. Let g(f) = 5*c(f) - 6*t(f). Suppose 15 = 4*x - 21. List the prime factors of g(x).
2
Let f be -1*3*20/(-15). Suppose 17*j - 22*j = 5*k - 1800, 1460 = f*k - j. List the prime factors of k.
2, 7, 13
Suppose 2*m - 721 = -25*z + 26*z, -1427 = -4*m + 5*z. Suppose -5*i + 825 = -4*k, 2*i + 24*k - m = 19*k. What are the prime factors of i?
13
Let d(n) = 26*n - 104. Let u be d(5). Suppose -u*t + 30*t + 7601 = 5*s, 4*s - 4*t = 6080. List the prime factors of s.
3, 13
Suppose -2*f = -10 - 0. Suppose -f = 3*p + 2*p. List the prime factors of 